{"id":19,"date":"2022-09-25T12:54:48","date_gmt":"2022-09-25T10:54:48","guid":{"rendered":"http:\/\/ksiegowosc-opole.pl\/?page_id=19"},"modified":"2022-09-25T13:24:10","modified_gmt":"2022-09-25T11:24:10","slug":"o-mnie","status":"publish","type":"page","link":"http:\/\/ksiegowosc-opole.pl\/?page_id=19","title":{"rendered":"O mnie"},"content":{"rendered":"\n<div class=\"wp-block-columns is-layout-flex wp-container-3 wp-block-columns-is-layout-flex\">\n<div class=\"wp-block-column is-layout-flow wp-block-column-is-layout-flow\">\n<p><\/p>\n<p><strong>Nazywam si\u0119 Aleksandra Johann<\/strong>\u00a0<strong style=\"font-size: revert; color: var(--ast-global-color-3);\">i od 1998 roku wi\u0105\u017c\u0119 swoj\u0105 \u015bcie\u017ck\u0119 zawodow\u0105<\/strong><span style=\"font-size: revert; color: var(--ast-global-color-3);\">\u00a0<\/span><strong style=\"font-size: revert; color: var(--ast-global-color-3);\">z ksi\u0119gowo\u015bci\u0105 i finansami.<\/strong><\/p>\n<p> <\/p>\n<p>Nazywam si\u0119 Aleksandra Johann i mam wystarczaj\u0105cy wiek,\u00a0<span style=\"font-size: revert; color: var(--ast-global-color-3); background-color: var(--ast-global-color-5);\">aby wiedzie\u0107 czego chc\u0119 w \u017cyciu.\u00a0<\/span><\/p>\n<p> <\/p>\n<p>\u200b<span style=\"font-size: revert; color: var(--ast-global-color-3); background-color: var(--ast-global-color-5);\">Uko\u0144czy\u0142am studia o specjalizacji rachunkowo\u015b\u0107 i finanse.<\/span><\/p>\n<p> <\/p>\n<p>Posiadam dyplom magistra, uzupe\u0142niaj\u0105ce studia podyplomowe z zakresu rachunkowo\u015bci i finans\u00f3w, a tak\u017ce specjalistyczny certyfikat ksi\u0119gowego wydany przez Ministra Finans\u00f3w.<\/p>\n<p> <\/p>\n<p>W 1998 roku rozpocz\u0119\u0142a si\u0119 moja zawodowa przygoda z ksi\u0119gowo\u015bci\u0105. Podj\u0119\u0142am prac\u0119 w renomowanej kancelarii podatkowej, w kt\u00f3rej od pocz\u0105tku k\u0142adziono nacisk na doskonalenie teoretycznej wiedzy, podwy\u017cszanie kwalifikacji\u00a0 poprzez uczestnictwo w rozmaitych sympozjach\u00a0 i szkoleniach tematycznych.<\/p>\n<p> <\/p>\n<p>Pr\u00f3cz pozyskanej interdyscyplinarnej wiedzy, nauczy\u0142am si\u0119 te\u017c dyscypliny pracy, relacji z Klientami i wszelkich tajnik\u00f3w zwi\u0105zanych z prac\u0105 w ksi\u0119gowo\u015bci. Utwierdzi\u0142am si\u0119 te\u017c w przekonaniu, \u017ce prywatna praktyka to co\u015b, co poszerzy moje horyzonty, przyniesie satysfakcj\u0119 i kolejne wyzwanie.<\/p>\n<p> <\/p>\n<p>Swoj\u0105 ofert\u0119 kieruj\u0119 do Przedsi\u0119biorc\u00f3w, kt\u00f3rzy potrzebuj\u0105 kompleksowej pomocy podatkowej,\u00a0 ceni\u0105 sobie stabilno\u015b\u0107, spok\u00f3j a tak\u017ce dyskrecj\u0119.<\/p>\n<p> <\/p>\n<p>K\u0142ad\u0119 absolutny nacisk na rzetelno\u015b\u0107 pracy, kompleksowo\u015b\u0107 \u015bwiadczonych us\u0142ug oraz absolutn\u0105 poufno\u015b\u0107. \u00a0 \u00a0 \u00a0 \u00a0 \u00a0 \u00a0 \u00a0 \u00a0 \u00a0 \u00a0 \u00a0 \u00a0 \u00a0 \u00a0 \u00a0 \u00a0 \u00a0 \u00a0 \u00a0 \u00a0 \u00a0 \u00a0 \u00a0 \u00a0 \u00a0 \u00a0 \u00a0<\/p>\n<p> <\/p>\n<p>Gwarantuj\u0119 fachow\u0105 oraz interdyscyplinarn\u0105 wsp\u00f3\u0142prac\u0119, a tak\u017ce przyjemne, partnerskie relacje.<\/p>\n<p> <\/p>\n<p>Zadowolenie Klienta jest moim priorytetem i dewiz\u0105, jak\u0105 kieruj\u0119 si\u0119 w swojej pracy zawodowej.\u00a0<\/p>\n<p><\/p>\n<\/div>\n\n\n\n<div class=\"wp-block-column is-layout-flow wp-block-column-is-layout-flow\">\n<figure class=\"wp-block-image size-large\"><img decoding=\"async\" loading=\"lazy\" width=\"717\" height=\"1024\" src=\"http:\/\/ksiegowosc-opole.pl\/wp-content\/uploads\/2022\/09\/Ola1-717x1024.jpg\" alt=\"\" class=\"wp-image-9\" srcset=\"http:\/\/ksiegowosc-opole.pl\/wp-content\/uploads\/2022\/09\/Ola1-717x1024.jpg 717w, http:\/\/ksiegowosc-opole.pl\/wp-content\/uploads\/2022\/09\/Ola1-210x300.jpg 210w, http:\/\/ksiegowosc-opole.pl\/wp-content\/uploads\/2022\/09\/Ola1-768x1097.jpg 768w, http:\/\/ksiegowosc-opole.pl\/wp-content\/uploads\/2022\/09\/Ola1-1075x1536.jpg 1075w, http:\/\/ksiegowosc-opole.pl\/wp-content\/uploads\/2022\/09\/Ola1-1433x2048.jpg 1433w, http:\/\/ksiegowosc-opole.pl\/wp-content\/uploads\/2022\/09\/Ola1-scaled.jpg 1792w\" sizes=\"(max-width: 717px) 100vw, 717px\" \/><\/figure>\n<\/div>\n<\/div>\n","protected":false},"excerpt":{"rendered":"<p>Nazywam si\u0119 Aleksandra Johann\u00a0i od 1998 roku wi\u0105\u017c\u0119 swoj\u0105 \u015bcie\u017ck\u0119 zawodow\u0105\u00a0z ksi\u0119gowo\u015bci\u0105 i finansami. Nazywam si\u0119 Aleksandra Johann i mam wystarczaj\u0105cy wiek,\u00a0aby wiedzie\u0107 czego chc\u0119 w \u017cyciu.\u00a0 \u200bUko\u0144czy\u0142am studia o specjalizacji rachunkowo\u015b\u0107 i finanse. Posiadam dyplom magistra, uzupe\u0142niaj\u0105ce studia podyplomowe z zakresu rachunkowo\u015bci i finans\u00f3w, a tak\u017ce specjalistyczny certyfikat ksi\u0119gowego wydany przez Ministra Finans\u00f3w. W &hellip;<\/p>\n<p class=\"read-more\"> <a class=\"\" href=\"http:\/\/ksiegowosc-opole.pl\/?page_id=19\"> <span class=\"screen-reader-text\">O mnie<\/span> Read More &raquo;<\/a><\/p>\n","protected":false},"author":1,"featured_media":0,"parent":0,"menu_order":0,"comment_status":"closed","ping_status":"closed","template":"","meta":{"site-sidebar-layout":"default","site-content-layout":"default","ast-global-header-display":"","ast-main-header-display":"","ast-hfb-above-header-display":"","ast-hfb-below-header-display":"","ast-hfb-mobile-header-display":"","site-post-title":"","ast-breadcrumbs-content":"","ast-featured-img":"","footer-sml-layout":"","theme-transparent-header-meta":"","adv-header-id-meta":"","stick-header-meta":"","header-above-stick-meta":"","header-main-stick-meta":"","header-below-stick-meta":"","footnotes":""},"_links":{"self":[{"href":"http:\/\/ksiegowosc-opole.pl\/index.php?rest_route=\/wp\/v2\/pages\/19"}],"collection":[{"href":"http:\/\/ksiegowosc-opole.pl\/index.php?rest_route=\/wp\/v2\/pages"}],"about":[{"href":"http:\/\/ksiegowosc-opole.pl\/index.php?rest_route=\/wp\/v2\/types\/page"}],"author":[{"embeddable":true,"href":"http:\/\/ksiegowosc-opole.pl\/index.php?rest_route=\/wp\/v2\/users\/1"}],"replies":[{"embeddable":true,"href":"http:\/\/ksiegowosc-opole.pl\/index.php?rest_route=%2Fwp%2Fv2%2Fcomments&post=19"}],"version-history":[{"count":7,"href":"http:\/\/ksiegowosc-opole.pl\/index.php?rest_route=\/wp\/v2\/pages\/19\/revisions"}],"predecessor-version":[{"id":47,"href":"http:\/\/ksiegowosc-opole.pl\/index.php?rest_route=\/wp\/v2\/pages\/19\/revisions\/47"}],"wp:attachment":[{"href":"http:\/\/ksiegowosc-opole.pl\/index.php?rest_route=%2Fwp%2Fv2%2Fmedia&parent=19"}],"curies":[{"name":"wp","href":"https:\/\/api.w.org\/{rel}","templated":true}]}}